27). Let c = q + -31. Calculate the greatest common factor of 32 and c.
32
Let h(v) = v**3 - 6*v**2 - 14*v - 4. Let a be h(8). Calculate the highest common factor of a and 1668.
12
Let s be (8/(-3))/(4/(-66)*1). What is the highest common factor of s and 616?
44
Let d(x) = -14*x - 7. Let c be d(-5). Suppose -5*n + c = b, 4*b = b - 5*n + 189. What is the greatest common factor of b and 7?
7
Let z = 35 - 15. Let l = -54 + 89. Let b = l - z. Calculate the highest common divisor of b and 6.
3
Suppose -7 - 13 = -4*j. Suppose 0*b - 4*b - 450 = -j*s, -2*s = -5*b - 180. Suppose -6 = 2*w - 26. Calculate the greatest common divisor of s and w.
10
Let z be (-553226)/(-930) + (-2)/(-15). What is the highest common divisor of z and 280?
35
Let r = -17 + 23. Suppose a - r*a = -90. Let b be -2 + 1*15 + -1. Calculate the highest common divisor of b and a.
6
Suppose -7*g + 10 = -8*g - 5*z, 2*g - 45 = 3*z. What is the greatest common factor of g and 375?
15
Suppose -p - 2*r + 60 = p, -2*p = 3*r - 57. Let y be (p/12)/(2/8). Calculate the greatest common divisor of y and 44.
11
Suppose y + 5*x - 9 = 0, 9 + 21 = y - 2*x. Calculate the highest common divisor of y and 184.
8
Let d(j) = j**2 + 3*j - 2. Let a be d(1). Let m(u) = 2*u**3 - 5*u**2 + 5*u - 1. Let l be m(a). Calculate the greatest common factor of 5 and l.
5
Let j = 743 + -701. Calculate the greatest common factor of 70 and j.
14
Let j(x) = 72*x - 423. Let c be j(6). What is the greatest common factor of 111 and c?
3
Let u be (3/6)/((-1)/(-2676)). Suppose -u = -5*t + 5*f + 107, t = -2*f + 286. Calculate the greatest common divisor of t and 36.
36
Suppose -2*i - 5*z = -70, 35 = -3*i + 4*i + 4*z. What is the greatest common divisor of i and 105?
35
Suppose -31*d + 46*d - 10950 = 0. Calculate the greatest common divisor of d and 10.
10
Let o = 2297 + -1244. Suppose 4*i - o = 3*m, i + 4*m - 1060 = -3*i. What is the greatest common factor of 24 and i?
24
Let l = 977 + -692. What is the highest common factor of 228 and l?
57
Suppose 13 = -5*y + 38, -y + 5 = 5*i. Let r(o) = -o + 39. Let l be r(i). Suppose -3*b + l = -3. Calculate the highest common divisor of b and 126.
14
Let d = -20 + 92. Suppose -614 = -26*w + 634. Calculate the greatest common divisor of d and w.
24
Let g be (-1*(-9 + 1))/((-6)/(-60)). What is the highest common divisor of 80 and g?
80
Suppose -5*z = 3*a + 48 - 1339, 3*a + 1309 = 5*z. What is the greatest common divisor of z and 65?
65
Suppose z + 12 + 0 = 4*s, -5*s + 15 = -z. Let u(n) = 0*n**2 + s*n - 4*n + 2*n**3 + 3*n**2. Let a be u(2). Calculate the greatest common divisor of a and 65.
13
Suppose l - 11 = 19. Let g = -9 - -84. What is the highest common divisor of g and l?
15
Suppose l + 4*s - 177 = 0, -l + 14 + 161 = 5*s. What is the greatest common divisor of l and 74?
37
Let f = -1459 + 1468. Calculate the highest common factor of 1 and f.
1
Let o(l) = -l**3 + 5*l**2 + 10*l - 13. Let v be ((-6)/10)/((-18)/180). Let s be o(v). What is the greatest common factor of 22 and s?
11
Let o be (8 + -3)*-49*9/(-3). What is the greatest common factor of 315 and o?
105
Let x(i) = -i**3 - 12*i**2 + 20*i - 37. Let l be x(-14). Calculate the greatest common factor of l and 9.
3
Suppose 0 = -2*w + 88 - 68. Calculate the greatest common divisor of 30 and w.
10
Let d be (2/(-12))/(4/(-24))*8. Calculate the greatest common divisor of 2 and d.
2
Let n(u) = 204*u + 12. Let y be n(1). Let c(x) = x + 18. Let j be c(6). What is the greatest common factor of y and j?
24
Let t be (-405)/(-10)*40/6. Calculate the highest common divisor of t and 10.
10
Suppose -16*r = -207 - 6865. Calculate the highest common factor of 104 and r.
26
Suppose 5*q - 5*t - 5 = 0, -5*q - 4*t + 9 = -5. Let n(v) = -v**3 + 3*v**2 - 1. Let j be n(q). What is the highest common divisor of j and 15?
3
Let w(h) = 41*h**3 + 5*h**2 - 5*h + 20. Let m be w(3). What is the highest common divisor of m and 13?
13
Suppose -3*m = -4*t - 4*m + 636, -4*m - 176 = -t. What is the greatest common factor of 10 and t?
10
Let f be 5/(-2 - (-21)/12). Let y be (-1)/3 + f/(-6). Suppose 0 = -y*c - 0*c + 6. What is the greatest common factor of 14 and c?
2
Let o = 2 + -18. Let u = o - -18. What is the highest common divisor of u and 2?
2
Suppose -3*r - u = -84, 6*r + u = 2*r + 112. What is the greatest common factor of 35 and r?
7
Suppose 0 = -11*t + 432 + 140. Suppose -t*a = -54*a + 8. Calculate the greatest common divisor of 4 and a.
4
Let r(j) = -33*j - 78. Let y be r(-6). Calculate the greatest common factor of 150 and y.
30
Let n = 165 - 93. Let i = n - 52. What is the greatest common factor of i and 8?
4
Suppose 0 = 60*q - 1911 + 411. What is the highest common divisor of q and 125?
25
Let n be ((-189)/(-2))/((-12)/(-56)). What is the highest common factor of n and 9?
9
Suppose 0 = 2*r - 6*r. Suppose 5*z = 5 - r. Suppose -14*m + 18*m - 3*n = 8, 0 = -3*m - 3*n + 6. Calculate the highest common divisor of z and m.
1
Let w = -49 + 51. Suppose -2*n = -5*o - 21, n = 4*n + w*o - 41. Calculate the greatest common divisor of 26 and n.
13
Suppose -2*n - 4*d = 3*n - 400, 0 = -4*n + 4*d + 356. Calculate the highest common factor of n and 56.
28
Suppose -141*p + 151*p = 800. Calculate the highest common factor of p and 16.
16
Let v(p) = 6*p - 158. Let d be v(29). Let c be ((-72)/5)/2*-20. Calculate the highest common divisor of c and d.
16
Let r(q) = q**3 + 5*q - 6. Let p be r(6). Suppose k - 67 = v + 5*k, 5*v + p = -k. Let i = v - -187. Calculate the highest common factor of i and 35.
35
Suppose 3*c - 58 = 2. Let j(z) = -z**2 - 2*z + 5. Let u be j(0). What is the greatest common divisor of u and c?
5
Let m be ((-69)/(-115))/(1/(-5)) + 20. Let w be (-2)/6 + (-1840)/(-12). Calculate the highest common divisor of m and w.
17
Suppose -5*j + 3 + 33 = -2*w, 0 = 3*j - 5*w - 33. What is the highest common divisor of 246 and j?
6
Let q = -19 + 16. Let d be (-50)/q*33/22. Calculate the greatest common factor of d and 250.
25
Let j = 689 + -481. Let s be (-1)/((28/j)/(-7)). What is the highest common divisor of s and 39?
13
Suppose 22*s - 1116 - 3834 = 0. What is the highest common factor of 45 and s?
45
Let c(x) be the second derivative of -2*x**3 + 1/12*x**4 + 6*x - 3*x**2 + 0. Let n be c(14). Calculate the highest common divisor of 33 and n.
11
Suppose 0 = 4*v + m - 140, 2*v - 5*v = -2*m - 116. Calculate the greatest common divisor of 60 and v.
12
Let k = 717 + -697. Calculate the highest common factor of k and 470.
10
Let k = 239 - 238. Let d be (-2)/(2/(-2)) + 2. What is the greatest common divisor of k and d?
1
Let z(t) = -t. Let p(l) = 39*l. Let d(s) = -p(s) - 6*z(s). Let n be d(-1). Calculate the highest common divisor of n and 11.
11
Let h(v) = v**2 - 2*v - 3. Let u be h(7). Let n(z) = 3*z**2 - 17*z + 6. Let m be n(9). Calculate the highest common divisor of u and m.
32
Let i(a) = a + 9. Let w be i(-6). Suppose 0*u + u - 3*j - w = 0, -4*j = -u - 2. What is the highest common factor of u and 2?
2
Let w = -284 - -333. Suppose -y - 3*q = -13 - 20, -4*y - q + 77 = 0. Let s = 25 - y. What is the highest common factor of w and s?
7
Suppose -3*t - 2*h + 13 = 0, 10 = -4*t - h + 34. Let j(c) = c**2 - 6*c + 11. Let p be j(t). What is the highest common factor of p and 27?
9
Let m = -24 - -86. Suppose -3*n + 57 = t - 24, 5*t - 445 = -5*n. What is the greatest common factor of m and t?
31
Let n be 2/(-7) + (-20)/((-140)/2333). What is the greatest common divisor of n and 36?
9
Let f = -310 + 398. Calculate the highest common divisor of 792 and f.
88
Let v(x) = x**3 - x**2 + 3*x. Let p be v(3). Suppose 9*j - 13*j - 52 = -2*i, 4*i - 5*j = 92. What is the highest common factor of i and p?
9
Suppose 0 = -2*l + 8, -5*b + 163 = -l - 2*l. What is the highest common divisor of b and 14?
7
Suppose -644 = -5*t + 1116. Suppose -82 = -11*r + 270. What is the greatest common factor of t and r?
32
Let v(o) = -99*o**3 + 113*o**3 + 2*o - 5*o**2 + 0*o + 2*o. Let t be v(2). What is the highest common divisor of t and 40?
20
Let i be (-424 + 4)*(-6)/8. Suppose -5*j - 25 = 0, -j - i = -5*v - 2*j. Suppose -v = -2*g + 46. What is the greatest common divisor of 5 and g?
5
Let b be (12 - 16)*(0 - 11). Calculate the greatest common factor of 33 and b.
11
Suppose -5*v - u = -35, 5*v - 35 = u - 3*u. Let